rivative of t(f). Determine l(2).
7
Let j(v) = 0*v**2 + 0*v**2 + 3*v**2 - 7 + v**2 - 7*v + v**3. Determine j(-5).
3
Let t = 6 - 11. Let v(y) be the third derivative of y**7/2520 + 7*y**6/720 + y**5/30 + y**4/12 + 4*y**2. Let o(r) be the second derivative of v(r). Give o(t).
-6
Suppose p + 2*p + 6 = 0. Let o be (-2)/3*(p - 1). Let x = o - 0. Let c(m) = -m**2 + m + 2. What is c(x)?
0
Let a be ((-12)/7)/(6/(-21)). Suppose -a*u + 2*m = -2*u + 12, 2*u + 2*m = -6. Let s(w) = -w**2 - 2*w + 2. Give s(u).
-1
Let i(o) = -o**3 + o**2 + o - 1. Let f = -11 - -9. Calculate i(f).
9
Let y(j) be the first derivative of j**3/3 - 5*j**2/2 + j + 1. Let d be 38/9 + (-2)/9. Determine y(d).
-3
Let j(x) = -67 - x**3 + 75 + 3*x + 5*x**2 + x + 3*x. Give j(6).
14
Let g(l) = l**3 + 4*l**2 - l + 2. Let x = -32 + 27. Calculate g(x).
-18
Suppose 3 = -i + 4. Let l(v) = 7*v**3 - v**2 + 2*v - 1. Give l(i).
7
Let a = 3 + 1. Suppose -5*n = -a*z + 24, -4*z - 10 = 3*n - 2*z. Let g(f) = 3*f - 1. Let c(m) = 2*m. Let r(l) = -5*c(l) + 3*g(l). Give r(n).
1
Let g = -3 + 1. Suppose -8*f = -3*f. Let b(t) = -2 + f + 3 + t. Give b(g).
-1
Let u(f) = 5*f - 4*f - 4*f + 2*f + 6. Let s be u(3). Let p(o) = -3 - o**2 - 21*o + 18*o - 5*o**3 + 4*o**s. What is p(-2)?
7
Let r = -45 + 27. Let j = r + 25. Let i(l) = -6*l**2 + 4*l - j*l + 0*l**3 - l**3 + 3. Determine i(-5).
-7
Suppose -3*r + 8 = -7. Suppose 0 = -d, -k + 4*d = -r*k. Let a(f) = -f - 4. What is a(k)?
-4
Suppose 3*o = 7*o. Let j(q) = o*q - 6*q + 6 - 3. Let c(v) = -v**3 + 8*v**2 + 9*v + 2. Let l be c(9). Determine j(l).
-9
Let j(v) = 3 + v - 4 - 3 + 3. Give j(-6).
-7
Let y(a) = -a**3 + a**2 - a + 5. Let j(t) = -2*t - 5. Let o be j(-4). Let p be 0 - o - 18/(-6). Give y(p).
5
Let t(x) = x**2 - 6*x - 6. Let q be 1 + -1 + 0 - 17. Let m(a) = 2*a**2 - 17*a - 17. Let o(h) = q*t(h) + 6*m(h). Calculate o(-1).
-5
Let y be (-7)/(-4) + 3/12. Let h(t) = -2*t**2 + 0*t**2 + t**y + t. Let j be 4/10 + (-2)/5. Determine h(j).
0
Let j be ((-4)/7)/((-4)/14). Suppose -j*u = 2*u. Let l = u + 6. Let b(w) = -w + 3. What is b(l)?
-3
Let o be (-4)/(-10)*(-50)/(-20). Let j(d) = 5*d**2 + 1. Let i(l) = -9*l**2 - 3. Let m(k) = 2*i(k) + 5*j(k). Calculate m(o).
6
Let z(w) be the third derivative of -w**6/120 - w**5/10 - w**4/3 - 7*w**3/6 + 15*w**2. Determine z(-5).
8
Let w(k) be the second derivative of -k**5/20 + k**4/4 - k**3/6 - k**2 - 2*k. Let m(f) = f - 3. Let j be m(6). What is w(j)?
-5
Let h = -5 + 9. Suppose 2 - 10 = -h*c. Let r(o) = 2*o**2 + c - o - 1 - o**3 - 2. Determine r(2).
-3
Let s(o) = -6*o - 1. Let x(z) = 4*z + 1. Suppose h - 3*h = 10. Let q(r) = h*s(r) - 8*x(r). Determine q(-4).
5
Let v(m) = m**2 + 2*m - 2. Suppose -2*s + 0 + 12 = -4*b, -25 = 5*b. Give v(s).
6
Suppose 4*t = 5*m - 2*m + 30, -16 = -t + 5*m. Let l(x) = 4*x**2 + 5 - 5*x**2 - t + x**3. What is l(1)?
-1
Let f(i) = -i. Let g(u) = 4*u + 10. Let k(d) = 3*f(d) + g(d). Give k(-7).
3
Let y(p) be the first derivative of 7*p**2/2 + 2. Let o be y(-1). Let a(m) = -m**2 - 8*m - 8. Give a(o).
-1
Let u(o) = 3*o**3 + o**2 + 3*o - 1. Let r(f) = -2*f**3 - f**2 - 2*f + 1. Let a(s) = -4*r(s) - 3*u(s). Give a(0).
-1
Let k(h) = h**3 - 6*h**2 - h + 5. Let v be k(6). Let l be 2/6*3 - v. Let x(z) = 4*z + 0 + 7 + z**l - 3*z - z**3. Calculate x(0).
7
Let w(h) = h**3 + 2*h + 3. Let d = -24 + 22. What is w(d)?
-9
Let m(b) = 5*b - 3*b**2 - b - 3*b + b**3 + 0*b**3. Determine m(4).
20
Suppose -3*t + 9 = 3. Let o(g) = -9*g**t + 5*g + 2*g**3 + 3*g**2 + 4 - g**3. Let b be o(5). Let q(v) = 2*v - 2. Calculate q(b).
6
Let i(c) = c**3 - 5*c**2 + 3*c - 3. Let u be i(4). Let j(p) = p**2 + 6*p - 3. Calculate j(u).
4
Let t(y) be the third derivative of -y**5/15 + y**3/6 - 9*y**2. Let v = -2 + 1. Determine t(v).
-3
Suppose 5*w - 9 - 16 = 0. Let z(d) = -d**2 + 6*d. What is z(w)?
5
Let z(r) be the first derivative of -5*r**2/2 - 4*r - 1. Let d(h) = -11*h - 8. Let i(s) = -4*d(s) + 9*z(s). Let v be i(-8). Let k(c) = 2*c - 5. Give k(v).
3
Let n(v) = 0*v**3 + 35*v - 28*v - 4*v**2 - v**3 - 1. What is n(-5)?
-11
Let k(m) = 6*m**2 - 3*m. Let s = -16 - -10. Let t = s + 7. Let d(c) = -c + 1. Let n(x) = t*k(x) - d(x). What is n(-1)?
7
Let r = -3 + 3. Let f(i) = 2*i + r*i - 3*i + 3. Let u be f(8). Let s(w) = w - 1. Determine s(u).
-6
Let h = 30 + -18. Let f = h + -18. Let d(g) = g. What is d(f)?
-6
Let z(l) = l**3 + 7*l**2 + 6*l + 2. Let i(n) = n**2 - 8*n - 6. Suppose -10 = -3*f + 14. Let o be i(f). What is z(o)?
2
Let b(u) = -u**3 + 5*u**2 + 4*u + 9. Let g be b(6). Let x(i) = -2*i**2 - 5 - 4*i + i**2 + 2. What is x(g)?
0
Suppose -25 = -2*n - 29. Let k(z) = -5*z - 2. Give k(n).
8
Let p = 2 - 1. Let s(n) = 23*n - 11. Let l(k) = -15*k + 7. Let a(d) = 8*l(d) + 5*s(d). Calculate a(p).
-4
Let p(f) = -1. Let d(z) = -z - 3. Let c(u) = -d(u) + 4*p(u). What is c(-1)?
-2
Suppose 0 = -2*l + 13 - 3, 2*b + 4*l = 24. Suppose -s = -3*d - 11, 3 = -b*s + 3*d + 13. Let w be (2/2)/(s/(-4)). Let a(p) = -p**2 + 7*p - 6. What is a(w)?
6
Let a be (6/7)/(6/42). Let i(c) = -c + 11. Give i(a).
5
Let g(n) = 8*n**3 - 2*n**2 - 3*n. Let f(b) = 7*b**3 - b**2 - 2*b. Let o(h) = -6*f(h) + 5*g(h). Give o(-2).
6
Let z(b) = 12*b - 5*b + 2*b**2 + 6 - b**2. Suppose 3*n + 0*n + 2*o = -14, 7 = -n - 3*o. Give z(n).
-6
Let l(m) = -m + 3. Let i be l(4). Let t = -2 - -2. Let y(g) = 1 + t + 0*g**2 + g**2. What is y(i)?
2
Let r(b) = 2*b**2 + b**3 + 8 - b**2 - 2*b**2 - 3 + b. Calculate r(0).
5
Let m(x) = -4*x**2 + 3 - x**3 - 5 + 6 + 7*x. Suppose 0 = -2*n + 4. Suppose -a + n = 7. Calculate m(a).
-6
Let a(k) = -2*k - 1. Let c = 74 + -66. What is a(c)?
-17
Let h be ((-18)/(-15))/(8/(-40)). Let o(n) = n**3 + 5*n**2 - 5*n + 5. Calculate o(h).
-1
Let h(x) = x**2 - x - 4. Suppose 6 = 2*i, 4*p - 3*p - 5*i + 5 = 0. Let s be (10 - p) + 0 + 0. Calculate h(s).
-4
Suppose 4*g = -3*o + 8, 13 = -5*g + 2*o - 0. Let j(f) = -5*f**2. What is j(g)?
-5
Let o = 1 - -2. Suppose -4*d + 25 = 3*i, 2*i + o = -2*d + 17. Let f(z) = -2*z - 1 + i + z. What is f(5)?
-3
Let g = -7 + 7. Let c(q) = -2*q + 5*q - 1 + 5*q**2 + g*q**2 - 4*q**2. What is c(-3)?
-1
Suppose 3 = 4*x - 2*x - n, 0 = 4*x - n - 7. Suppose -1 = -x*j + 3. Let c(h) be the third derivative of h**5/60 + h**3/6 + h**2. Determine c(j).
5
Let t(a) = -6*a**3 + 2*a**2 - 1. Let h(c) = 25*c**3 - 9*c**2 + 4. Let u(s) = -2*h(s) - 9*t(s). What is u(1)?
5
Let t(x) = -11 - x + 3 + 5. Let r = 19 + -13. Let y(n) = -n**3 + 6*n**2 - 2*n + 8. Let f be y(r). What is t(f)?
1
Suppose -w = -2*w + 10. Let l(q) = -q + 2. Give l(w).
-8
Suppose 4*s + 12 = s. Let v(r) = r + 5. Determine v(s).
1
Let g(w) = -2*w**3 - 2*w + 3*w**3 - 77 + 77. Give g(-2).
-4
Let b = 34 - 31. Let f(t) be the third derivative of t**6/120 - t**5/20 + t**4/24 - t**3/3 - 2*t**2. Give f(b).
1
Let b(g) = -2*g**2 + 2 + g**2 - g - 1. Let z = -4 - -13. Suppose -3*m + 2*m - 2*t + z = 0, t - 4 = 0. Determine b(m).
-1
Let n(u) be the first derivative of -5/2*u**2 - 1 - 4/3*u**3 + 1/4*u**4 - 2*u. Determine n(5).
-2
Let k(d) = 5*d. Let p be k(-2). Let a = -6 - p. Let h(o) = -4 + o**3 + 4 - 4*o**2 + 3*o - 5. Determine h(a).
7
Let a(m) = 8*m**2 + m + 20. Let w(x) = -3*x**2 - 7. Let b(g) = -4*a(g) - 11*w(g). Calculate b(3).
-6
Let g(c) = -2*c**3 + 4*c**2 - 4*c + 2. Let n(v) = v**3 - 22*v**2 - 23*v + 2. Let f be n(23). What is g(f)?
-6
Let d(f) = -3*f + 2. Let x(u) = -1 + 3*u + 0 - 1. Let o(t) = 5*d(t) + 6*x(t). Calculate o(3).
7
Let o(b) = b. Suppose -4*j - 17 = -4*a - j, 5*j + 20 = 5*a. Let f = 2 - a. Calculate o(f).
-3
Suppose -d + 2*x = -0*x, -5*d - 4*x = -14. Let i(y) = -5*y - y**3 + y - 2*y**d + 4*y - y - 2. Let w(k) = -k**2 - 3*k + 7. Let a be w(-5). Determine i(a).
10
Suppose -13*k = -3 + 16. Let j(d) = 5*d. Determine j(k).
-5
Let v(w) = w**3 + 9*w**2 + 8*w - 8. Let q be (2 - -2) + -15 + 3. Determine v(q).
-8
Suppose -z - 15 = -6*z. Let k(g) = 4*g**3 - 3*g - 1 - 2 - z*g**3 + g**2 + 1. Suppose -4*d + 0*d = 8. What is k(d)?
0
Suppose z + 4*u + 12 = -z, -z = 5*u + 15. Let k(a) = a - 27. Calculate k(z).
-27
Let v(d) = -2*d**2 - 5*d + 1. Let x be 10 + -8 - (-1 + 7). What is v(x)?
-11
Let f = 74 - 76. Let i(t) = -5*t + 1. What is i(f)?
11
Let j(i) = -i**2 - 3*i + 9. Let x(a) = a**2 + 4*a - 10. Let h(b) = -5*j(b) - 4*x(b). Let u(q) = 2*q + 5. Let z be u(-4). Let g = -3 - z. Determine h(g).
-5
Let a = 16 - 7. Suppose 4*p = 1 